13, what is -12 - 7450b?
-74520
In base 12, what is -629a720 + 2?
-629a71a
In base 3, what is 1 + 10012221010011221?
10012221010011222
In base 4, what is -1213 - -2320000211?
2313332332
In base 13, what is 49 + 3312410?
3312459
In base 4, what is 20321311 - -2001?
20323312
In base 7, what is -1044150 - 2434?
-1046614
In base 11, what is 4619a385 + -1?
4619a384
In base 13, what is 53 - -1b931c7?
1b9324a
In base 2, what is -101 + -100100000011101011000001011?
-100100000011101011000010000
In base 10, what is -6 + -1707407?
-1707413
In base 6, what is -52415401541 + -3?
-52415401544
In base 15, what is 1dab - 757b?
-56c0
In base 6, what is 22133004 + 2?
22133010
In base 13, what is -2 - -1599118?
1599116
In base 4, what is -2301220103 - -100020?
-2301120023
In base 7, what is 0 + -2501122514?
-2501122514
In base 4, what is 3 + 13222013213?
13222013222
In base 12, what is -1234 + 33411?
32199
In base 3, what is 21121211011222 + 10?
21121211012002
In base 13, what is -2 - -92486c?
92486a
In base 15, what is 0 - 14d9832?
-14d9832
In base 9, what is -15172 - -18585?
3413
In base 2, what is 110001000011100001011 + 11001?
110001000011100100100
In base 12, what is -57118bb - 8?
-5711907
In base 8, what is -3045641 + -71?
-3045732
In base 2, what is 10111 + -11111100100100110110010?
-11111100100100110011011
In base 2, what is -1010101 - 1011100001110111111111?
-1011100001111001010100
In base 9, what is 210683 - 3313?
206370
In base 2, what is -101000101111100110101110 + -10100?
-101000101111100111000010
In base 8, what is -114011 + 5042?
-106747
In base 3, what is -102 + 2011001111212?
2011001111110
In base 15, what is -3238 + cbcb?
9993
In base 7, what is -313411546 + -33?
-313411612
In base 9, what is 764 + 135568?
136443
In base 9, what is 17866 + -624?
17242
In base 13, what is 2 + -b91c86a?
-b91c868
In base 11, what is 824 + -1069?
-345
In base 7, what is -34642 - -30301?
-4341
In base 2, what is 101 + -10111000010101011111011000?
-10111000010101011111010011
In base 15, what is -20d19 - -85?
-20c84
In base 7, what is -22514423 + 5?
-22514415
In base 6, what is 21 - 4124153?
-4124132
In base 5, what is 23334 + 10213300?
10242134
In base 8, what is 27065003 - 4?
27064777
In base 5, what is -3211241002 - -1?
-3211241001
In base 7, what is -6253231 + 2?
-6253226
In base 11, what is 185 + 2073a?
20914
In base 3, what is 10112 + 1211110222?
1211121111
In base 5, what is 20421103133 - -1?
20421103134
In base 8, what is -26 - 433652?
-433700
In base 16, what is 3ac55 + 5f?
3acb4
In base 6, what is -131351203 - -3?
-131351200
In base 9, what is -104268 - -7248?
-86020
In base 14, what is -526c7 - d6?
-527bd
In base 13, what is a1b3 - 310?
9ba3
In base 5, what is -124 - -11223334104?
11223333430
In base 5, what is -21120112 - 300?
-21120412
In base 8, what is -102257145 - 5?
-102257152
In base 14, what is -21c - 3192b?
-31b49
In base 6, what is -35 - -13212515?
13212440
In base 4, what is 23101020 + -3233?
23031121
In base 13, what is 1327b + 518?
13796
In base 9, what is 3200638 + -4?
3200634
In base 6, what is -205 + 301041?
300432
In base 4, what is -33110132021 + -11?
-33110132032
In base 9, what is 30526548 - -1?
30526550
In base 5, what is 21221212 - -13334?
21240101
In base 12, what is -188 + 39281?
390b5
In base 9, what is -324 - -740501?
740166
In base 6, what is 3524 + -15012151?
-15004223
In base 6, what is 320105523 - -2?
320105525
In base 6, what is -1130253413 + -3?
-1130253420
In base 10, what is 38 + 587921?
587959
In base 8, what is -25303 - -372?
-24711
In base 4, what is -2102022321 - -3133?
-2102013122
In base 5, what is 11210001 - -203?
11210204
In base 2, what is 10100110001100 + 1001000101101100?
1011101011111000
In base 3, what is 110221102111211201 - -2?
110221102111211210
In base 7, what is -3 - 1623141?
-1623144
In base 8, what is -160547 + -1225?
-161774
In base 2, what is -1100011 + 111001001100010111?
111001001010110100
In base 11, what is -130a285 - -1?
-130a284
In base 15, what is -5e88289 - -6?
-5e88283
In base 13, what is -74 + -679b67?
-679c0b
In base 14, what is 46 + -a754?
-a70c
In base 7, what is -42615436 + 23?
-42615413
In base 3, what is 10221000 - -1201001?
12122001
In base 6, what is -233045523 - -354?
-233045125
In base 13, what is 3c + 909b4?
90a23
In base 13, what is -1 + -1aa0377b?
-1aa0377c
In base 10, what is 0 - 17301278?
-17301278
In base 5, what is -1 - -1021442142?
1021442141
In base 13, what is -303 - 1a4035?
-1a4338
In base 2, what is 10000111 - -11111001110101000110111?
11111001110101010111110
In base 5, what is -200013 + -11303022?
-12003040
In base 9, what is -103 + 7275687?
7275584
In base 5, what is -12 + -31211332231?
-31211332243
In base 8, what is 13117 - 13014?
103
In base 12, what is -10 + 44054?
44044
In base 13, what is -224 + -10c28?
-1114c
In base 12, what is a1745 - 8a?
a1677
In base 2, what is 100110010001110110 - -11010101?
100110010101001011
In base 7, what is 4 + 5466342?
5466346
In base 13, what is -a3c10 + -4?
-a3c14
In base 11, what is -17032 + -3181?
-1a203
In base 5, what is 3220031104 - 1?
3220031103
In base 16, what is -6 + -4f0a90?
-4f0a96
In base 4, what is 2 + -11220230221131?
-11220230221123
In base 14, what is 5 + -856d53?
-856d4c
In base 16, what is -57a - -1d4b?
17d1
In base 7, what is 525514656 - -1?
525514660
In base 7, what is -55 + -5623321?
-5623406
In base 6, what is 31300 - 2525544?
-2454244
In base 12, what is 215b3 + 5b5?
21ba8
In base 9, what is -714 - -73648?
72834
In base 6, what is 113034301 - -5?
113034310
In base 7, what is 12402342 - 2?
12402340
In base 3, what is 1101002100020202012 + 2?
1101002100020202021
In base 13, what is -cb7a2b - -9?
-cb7a22
In base 8, what is 142002 + -2115?
137665
In base 13, what is -3 - -46a1026a?
46a10267
In base 16, what is -634c + -2e?
-637a
In base 9, what is 31216425 - -3?
31216428
In base 14, what is 352ad770 - -5?
352ad775
In base 15, what is -d9e67e - -9?
-d9e675
In base 4, what is -1223311110013 - 2?
-1223311110021
In base 12, what is -2042aa32 - -2?
-2042aa30
In base 4, what is 2113103330 + -11121?
2113032203
In base 7, what is 3632603152 - -15?
3632603200
In base 4, what is -2200 - 101213202003?
-101213210203
In base 15, what is -a24369 - 5?
-a2436e
In base 16, what is 1dba32 - 1?
1dba31
In base 16, what is 39375b3 - -7?
39375ba
In base 6, what is 412 + -52320435?
-52320023
In base 16, what is -7f3ae9 + 0?
-7f3ae9
In base 10, what is 16 - 398026?
-398010
In base 7, what is -5442 + 62254?
53512
In base 15, what is -13956ec2 - -4?
-13956ebd
In base 8, what is -646 + 513454?
512606
In base 8, what is 454033 + -1655?
452156
In base 13, what is 507049 + c?
507058
In base 6, what is -1551 + 32032211?
32030220
In base 11, what is 240832 + a5?
240927
In base 12, what is -75 - 33970?
-33a25
In base 16, what is ba - -955e?
9618
In base 4, what is 301023 - -33133013?
100100102
In base 8, what is 1145004363 + 3?
1145004366
In base 13, what is -9084b91 - -3?
-9084b8b
In base 5, what is -10433 - 1444300?
-2010233
In base 12, what is -6a13 - -99?
-6936
In base 10, what is -2 - 208758?
-208760
In base 2, what is -10 - 1100101011000011010?
-1100101011000011100
In base 7, what is 4 - -45211543?
45211550
In base 3, what is 121222010200 + 20?
121222010220
In base 3, what is 1110 - -2100022202002?
2100022210112
In base 13, what is -6967b - -67?
-69614
In base 12, what is -8216342 - -7?
-8216337
In base 14, what is -3441 + 5b4?
-2c6b
In base 13, what is -5 + b67a1?
b6799
In base 15, what is -18 + 286b21?
286b08
In base 12, what is -3 + 58725a9?
58725a6
In base 4, what is 3022 + -112313301?
-112310213
In base 10, what is -10297 - 1677?
-11974
In base 15, what is 951e93 + -8?
951e8a
In base 5, what is -144200441134 - -1?
-144200441133
In base 12, what is -1 - -32b2219?
32b2218
In base 15, what is -19d - 27d9b?
-28049
In base 8, what is 157542410 + -15?
157542373
In base 11, what is -194492 + 48?
-194445
In base 12, what is -1b12b3 + -b?
-1b1302
In base 8, what is 0 + 16614210?
16614210
In base 5, what is -100322 - 4143140?
-4244012
In base 5, what is -103 - -4021434?
4021331
In base 3, what is -1012220 - 100111011?
-101201001
In base 9, what is -32447 + 1401?
-31046
In base 15, what is 1ee46c4 + -6?
1ee46bd
In base 11, what is -10 - -3a2